*2 + 3. What is s(-3)?
21
Let s(a) = a**2 - 17*a - 15. Calculate s(17).
-15
Let p(s) = 2*s + 26. What is p(-14)?
-2
Let a(s) = s**3 - 32*s**2 - 105*s - 4. Give a(35).
-4
Let d(b) = b**2 - b - 16. Determine d(6).
14
Let m(o) = -121*o**3 + o**2 - 9*o + 8. Determine m(1).
-121
Let c(b) = -b**2 + 16*b - 47. Calculate c(4).
1
Let l(a) = -a**3 - 9*a**2 + 19*a - 7. Determine l(-11).
26
Let r(p) = p**2 - 15*p. Give r(12).
-36
Let w(x) = -x**2 + x + 18. What is w(0)?
18
Let i(r) = -r + 11. Calculate i(0).
11
Let f(j) = -j**2 - 11*j - 2. Determine f(-6).
28
Let y(o) = -2*o**3 - 8*o**2 + 12*o. Calculate y(-5).
-10
Let s(m) = m**3 + 11*m**2 + 8*m - 11. What is s(-10)?
9
Let i(c) = -6*c + 33. Calculate i(9).
-21
Let a(k) = 2*k**2 + 20*k - 286. Calculate a(-18).
2
Let u(i) = i**3 - 4*i**2 - i - 6. Give u(5).
14
Let n(s) = s**2 - 66*s + 317. What is n(5)?
12
Let o(g) = g - 52. Calculate o(6).
-46
Let l(m) = -m**3 - 11*m**2 + 8*m - 40. Determine l(-12).
8
Let q(a) = -a**2 + 6*a - 6. Calculate q(6).
-6
Let o(g) = -4*g - 14. What is o(-5)?
6
Let h(g) = -g**2 - 17*g - 8. Calculate h(-16).
8
Let s(m) = 9*m + 10. Give s(-2).
-8
Let o(n) = -n**3 - 6*n**2 - n + 8. Give o(-5).
-12
Let g(a) = a**3 + 9*a**2 + 17*a + 1. Determine g(-6).
7
Let h(s) = -s**2 + 7*s + 7. Determine h(9).
-11
Let w(s) = 40*s**3 - s**2 - s. What is w(-1)?
-40
Let n(j) = -4*j**2 - j - 1. Give n(2).
-19
Let q(i) = i**3 + 22*i**2 + 22*i + 41. What is q(-21)?
20
Let d(g) = -g**3 + 16*g**2 - 15*g - 4. Determine d(15).
-4
Let p(r) = -119*r + 956. Determine p(8).
4
Let s(q) = -q**3 - 4*q**2 - 4*q - 5. What is s(-4)?
11
Let s(t) = -3*t**2 - 21*t + 126. Determine s(-11).
-6
Let m(h) = -3*h + 20. Give m(6).
2
Let g(l) = -5*l**2 - 152*l - 71. What is g(-30)?
-11
Let d(i) = i**3 - 7*i**2 - 2*i + 5. Give d(7).
-9
Let d(k) = k**2 - 12*k - 113. Give d(19).
20
Let d(s) = -14*s + 190. Give d(13).
8
Let t(a) = -a**3 - 65*a**2 + 67*a + 93. Give t(-66).
27
Let u(h) = -2*h - 2. Calculate u(1).
-4
Let t(r) = -r**3 - 29*r**2 - 119*r + 37. Determine t(-24).
13
Let o(h) = -h + 37. Give o(11).
26
Let d(j) = -2*j**3 + 4*j**2 - 6*j + 7. What is d(2)?
-5
Let d(h) = h**3 - 4*h**2 + 2*h - 5. Calculate d(4).
3
Let a(k) = k**2 + 2*k + 14. What is a(0)?
14
Let m(o) = o - 2. Determine m(9).
7
Let v(c) = c**2 - 11*c - 91. Determine v(15).
-31
Let c(d) = 4*d + 4. Determine c(8).
36
Let n(u) = u**3 - 2*u**2 + 10*u - 68. Determine n(4).
4
Let l(s) = -s**3 + 9*s**2 + 3*s - 24. Calculate l(9).
3
Let a(j) = 7*j + 75. What is a(-12)?
-9
Let q(y) = -y**3 - 4*y**2 + 5*y + 6. What is q(-5)?
6
Let i(n) = 111*n + 332. Determine i(-3).
-1
Let y(d) = 5*d + 6. Calculate y(-7).
-29
Let k(v) = -v**3 + 7*v**2 + 8*v + 1. Give k(4).
81
Let j(k) = -k**3 + k**2 + 28*k + 4. What is j(-5)?
14
Let s(x) = -4*x**2 + 8*x - 3. What is s(3)?
-15
Let w(v) = 21*v - 6. What is w(1)?
15
Let h(b) = b**3 + 7*b**2 - 3*b - 22. Determine h(-7).
-1
Let w(l) = 13*l + 84. Give w(-8).
-20
Let q(p) = 32*p**2 + p. Calculate q(-1).
31
Let v(a) = -18*a**3 + a**2 - 2*a. What is v(1)?
-19
Let w(h) = h**2 + 3*h - 16. Calculate w(-6).
2
Let v(y) = -y**2 - 9*y - 24. Give v(-6).
-6
Let f(d) = -4*d**2 - 2*d + 1. Give f(1).
-5
Let r(g) = -g**3 + 21*g**2 - 20*g + 4. Determine r(20).
4
Let n(h) = 15*h + 179. Determine n(-14).
-31
Let n(j) = -j**3 - j**2 - 2*j. Calculate n(4).
-88
Let u(k) = 4*k**3 - k**2 + k - 2. Calculate u(-3).
-122
Let r(a) = -a**3 + 40*a**2 - 41*a + 67. What is r(39)?
-11
Let m(x) = 55*x - 8. Calculate m(-2).
-118
Let a(b) = -b**3 - 13*b**2 + 3*b + 20. Give a(-13).
-19
Let s(d) = -2*d + 9. Give s(-3).
15
Let t(d) = d**3 - 3*d**2 - 12*d - 4. Determine t(-2).
0
Let u(b) = -4*b - 5. What is u(-3)?
7
Let x(k) = -k**3 + 8*k**2 + 19*k + 3. Determine x(10).
-7
Let q(n) = -5*n + 3. What is q(5)?
-22
Let h(g) = g**3 + 5*g**2 - 2*g. Give h(3).
66
Let i(q) = -11*q**3 + 2*q**2 + 3*q. Determine i(-1).
10
Let i(q) = q**3 - 7*q**2 + 4*q - 3. Calculate i(4).
-35
Let f(t) = t**3 + 4*t**2 + 7*t - 1. What is f(-3)?
-13
Let g(v) = v**2 - 6*v - 13. What is g(8)?
3
Let x(a) = -17*a + 1. Determine x(2).
-33
Let b(i) = i**2 + 4*i - 10. Determine b(-9).
35
Let s(l) = -l**2 + 14*l + 61. Determine s(17).
10
Let y(z) = -z**2 + 21*z - 18. Determine y(18).
36
Let l(t) = 4*t - 42. Give l(9).
-6
Let i(n) = n**2 - 9*n. Calculate i(6).
-18
Let l(n) = 11*n - 336. What is l(30)?
-6
Let x(a) = -a**3 - 4*a**2 + 6*a + 5. Calculate x(-5).
0
Let i(r) = r**3 + 3*r**2 - r - 2. Give i(-3).
1
Let d(j) = 14*j + 69. Give d(-5).
-1
Let q(m) = -m**3 + 4*m**2 - 4*m + 3. What is q(2)?
3
Let p(x) = 5*x - 15. What is p(8)?
25
Let j(r) = 8*r + 93. Calculate j(-10).
13
Let a(k) = -2*k**2 - 28*k - 67. Determine a(-12).
-19
Let u(o) = 2*o**3 - 3*o**2 + o + 2. Determine u(3).
32
Let x(i) = 7*i + 543. Give x(-76).
11
Let a(h) = -h**3 - 12*h**2 - 10*h + 11. What is a(-11)?
0
Let q(k) = -k**2 + 2*k + 1. Calculate q(-3).
-14
Let i(f) = -10*f + 31. Give i(3).
1
Let z(r) = 3*r**3 + 2*r**2 - 2*r. Calculate z(2).
28
Let d(s) = -2*s**3 + 36*s**2 + s - 4. Give d(18).
14
Let x(i) = -2*i - 3. Give x(-3).
3
Let h(f) = -4*f + 6. Calculate h(-5).
26
Let l(g) = 20*g - 49. Give l(2).
-9
Let f(o) = -2*o**3 - 3*o**2 - o. What is f(-2)?
6
Let m(a) = a + 35. Determine m(-31).
4
Let r(g) = g**2 - 20*g + 56. What is r(17)?
5
Let l(y) = -y + 19. Give l(12).
7
Let g(y) = -y**2 - 3*y + 9. What is g(-5)?
-1
Let d(s) = -s**2 + 12*s - 2. Calculate d(3).
25
Let a(x) = -x**3 - 7*x**2 + x + 9. Give a(-5).
-46
Let y(h) = -h**3 - 7*h**2 + 12*h + 88. Determine y(-7).
4
Let f(q) = q + 8. Calculate f(-15).
-7
Let w(m) = m**3 + 2*m**2 + 6*m + 7. Calculate w(-2).
-5
Let p(m) = -m**3 - 9*m**2 + 24*m + 24. What is p(-11)?
2
Let q(p) = -7*p**2 + 5*p - 2. Give q(2).
-20
Let t(h) = 59*h - 124. Determine t(2).
-6
Let p(l) = -l**2 + 31*l + 142. What is p(35)?
2
Let b(u) = u**3 + 18*u**2 - 21*u - 36. What is b(-19)?
2
Let b(v) = -6*v**2 + 2*v - 3. Give b(2).
-23
Let n(i) = 41*i + 252. What is n(-6)?
6
Let j(q) = 4*q**2 + 40*q + 91. Determine j(-4).
-5
Let s(j) = -j**3 + j**2 + 18. Determine s(0).
18
Let h(w) = 8*w + 8. Give h(0).
8
Let r(b) = -b**2 + 3*b - 2. Calculate r(4).
-6
Let z(x) = -x**2 - 3*x - 1. Calculate z(-5).
-11
Let x(v) = -v**3 + 3*v**2 - 5*v + 6. Give x(3).
-9
Let j(l) = l**3 + 13*l**2 - 8*l - 85. Determine j(-13).
19
Let f(v) = v**3 - 8*v**2 + 10*v + 7. Determine f(6).
-5
Let k(n) = -2*n - 29. Calculate k(-12).
-5
Let j(h) = 2*h**2 - 7*h - 17. What is j(-3)?
22
Let z(n) = -15*n - 94. Give z(-6).
-4
Let k(w) = -w**2 + 15*w - 21. Calculate k(12).
15
Let d(b) = b - 1. Calculate d(-2).
-3
Let m(r) = r**3 + 7*r**2 - 6*r + 8. Calculate m(-8).
-8
Let h(q) = -2*q + 11. Give h(14).
-17
Let u(n) = -14*n**2 + 8*n. Give u(1).
-6
Let f(b) = b**3 - 8*b**2 + 10*b + 2. Calculate f(6).
-10
Let m(i) = 2*i**2 - 7*i + 4. Determine m(4).
8
Let d(f) = -4*f + 38. Calculate d(10).
-2
Let p(x) = x**2 - 14*x - 14. Calculate p(13).
-27
Let y(j) = -25*j - 2. Determine y(-3).
73
Let a(t) = -10*t**3 - t**2 + 17*t + 17. What is a(-1)?
9
Let o(i) = -i**2 + 4*i - 5. Give o(6).
-17
Let p(m) = 143*m + 431. Calculate p(-3).
2
Let i(c) = -c**2 + 15*c + 1. Calculate i(15).
1
Let b(n) = -10*n + 13. Give b(4).
-27
Let i(f) = f**3 - 4*f**2 + 4*f - 3. Calculate i(3).
0
Let j(g) = g**2 + 6*g - 17. Determine j(7).
74
Let j(t) = -t**2 - 2. Determine j(0).
-2
Let d(a) = 9*a**3 + 2. What is d(2)?
74
Let w(f) = 93*f - 649. Determine w(7).
2
Let u(l) = l + 10. What is u(4)?
14
Let y(r) = 27*r + 198. Determine y(-8).
-18
Let c(f) = -5*f**2 + 69*f + 93. Calculate c(15).
3
Let c(d) = d**2 + 2*d. Determine c(1).
3
Let w(y) = -7*y + 52. Give w(8).
-4
Let d(g) = -g**3 + 3*g**2 + 16*g - 19. Give d(6).
-31
Let k(p) = -p**2 + 25*p - 148. What is k(14)?
6
Let c(h) = h + 7. What is c(6)?
13
Let j(h) = h**3 + 8*h**2 + 3*h - 9. Calculate j(-7).
19
Let f(j) = -j**3 + 7*j**2 - 5*j - 4. Give f(6).
2
Let n(g) = -g**3 + 8*g**2 - 8*g + 2. Give n(7).
-5
Let t(r) = 2*r**3 - 31*r**2 + 14*r + 14. What is t(15)?
-1
Let q(a) = -16*a**3 - a**2 - a + 2. Give q(1).
-16
Let c(b) = 9*b + 47. Give c(-6).
-7
Let m(k) = 7*k**2 + 4*k + 2. Determine m(-3).
53
Let g(r) = -r**3 + 2*r**2 + 7*r + 11. Give g(-2).
13
Let k(g) = g**3 + 9*g**2 - 23*g - 29. Calculate k(-11).
-18
Let t(u) = u**2 - 2*u - 6. What is t(0)?
-6
Let v(k) = 3*k*